actors of u.
2, 5
Let z(p) = -135*p + 7. List the prime factors of z(-2).
277
Let x(d) = 2*d**2 + 1. Let y be x(1). Let v be (-37)/(-3) + 2/y. Let u = v - -4. List the prime factors of u.
17
Suppose 13 - 1 = -3*x. Let d = x - -25. List the prime factors of d.
3, 7
Let g = 162 + -102. What are the prime factors of g?
2, 3, 5
Let p = 69 + -35. What are the prime factors of (2 - 7)*p/(-10)?
17
Let c = 81 - 51. List the prime factors of c.
2, 3, 5
Let n be 24/9*(-99)/(-12). Suppose -4*a - 10 = -n. List the prime factors of a.
3
Let k = 348 - 197. What are the prime factors of k?
151
Suppose 2*u - u - 2*x - 5 = 0, -4*u = 5*x + 19. Let t be (1 + u)*(-2)/(-2). Let m = 8 - t. List the prime factors of m.
2
Let y(v) = v**3 - 10*v**2 + 8*v + 13. Let o be (-18)/5*(-15)/6. Let u be y(o). Suppose u*f - 32 - 4 = 0. What are the prime factors of f?
3
Suppose 4*z - z - 207 = 0. What are the prime factors of z?
3, 23
Suppose -2*w + h = -389, -w + 0*w = 3*h - 191. List the prime factors of w.
2, 97
Let z = 15 - 9. What are the prime factors of ((-19)/3)/((-2)/z)?
19
Suppose 0*m + 8 = 4*m. Suppose 83 = 3*n + n - k, 3*n + m*k - 54 = 0. Suppose n = o + o. List the prime factors of o.
2, 5
Let f = -36 - -60. List the prime factors of ((-4)/(-6))/(4/f).
2
Let c(w) = -201*w + 4. What are the prime factors of c(-1)?
5, 41
What are the prime factors of 255/6*(-8)/(-10)?
2, 17
Suppose -5*g = -o + 18 + 16, -31 = -4*o - g. What are the prime factors of o?
3
Suppose -3*y + 4*c = -c - 8, -5*c = 5*y - 40. Let p(z) = z + 11. Let g be p(-6). Let j = y + g. List the prime factors of j.
11
Suppose -2 = 5*z + 3. Let c be z - (-1 - (-18)/(-3)). Let w = 3 + c. What are the prime factors of w?
3
Suppose -4 = w - 3*w. Suppose 25 = 5*g + 5*x, g + 10 = 3*g + 4*x. Suppose -d + 24 = 3*h, g*h = w*h + 2*d + 15. What are the prime factors of h?
7
Suppose -2*r - 8 = 0, -3*o + 67 - 6 = -4*r. What are the prime factors of o?
3, 5
Let v(s) be the third derivative of -s**4/24 - s**3/3 - s**2. Suppose 0 = 6*m - 2*m - 5*x - 4, -5*m - x - 24 = 0. What are the prime factors of v(m)?
2
Let w be 6/(-9) + (-78)/(-9). Suppose 20 = w*i - 4*i. Suppose -65 = -i*h - 4*a, -h = -2*a + 5*a - 13. What are the prime factors of h?
13
Let j(q) = -q + 10. Let o be j(5). Let n(z) = 2*z - 1. Let g be n(6). Suppose -61 = -o*v - g. List the prime factors of v.
2, 5
Suppose o = 5*d + 181, 5*d + 362 = -2*o + 4*o. List the prime factors of o.
181
Let a = -465 + 676. What are the prime factors of a?
211
Let w(r) = r**3 + 4*r**2 - 6*r - 2. Let j be w(-5). Let h(y) = -y**3 + 5*y**2 - y - 2. List the prime factors of h(j).
13
List the prime factors of (-8)/(-6)*(-276)/(-8).
2, 23
Let x be 727/7 + (-2)/(-14). Let p = -56 + x. What are the prime factors of p?
2, 3
Let q(p) = p + 30. List the prime factors of q(0).
2, 3, 5
Suppose 0*i + 3*s - 18 = 3*i, 3*s + 22 = -5*i. List the prime factors of (-252)/i + 6/(-15).
2, 5
Let a = 5 + -4. Let q be (-2)/(1 - 2/a). Suppose -9 = x + q*d + 2*d, -5*x + 50 = d. List the prime factors of x.
11
Let y be 1/(-15)*-3*5. Let v = 1 + y. List the prime factors of v.
2
Let h(d) = 15*d + 4. What are the prime factors of h(10)?
2, 7, 11
Let u(m) = -m**3 - m**2 - m + 5. Suppose -q - x = 5, -q + 2*q - 4 = 2*x. Let g be (q - -2)/2*-1. What are the prime factors of u(g)?
5
Let w(q) = -q**2 + 6*q + 1. Let y be w(6). Let k(v) = 5*v**3 + v**2. List the prime factors of k(y).
2, 3
Suppose 5*b - 124 = -4*h - 38, -2*b + 44 = 2*h. What are the prime factors of h?
2, 3
Let p(s) be the third derivative of s**4/12 - 5*s**3/3 - 2*s**2. Let l be p(7). Suppose -v + l = 2. List the prime factors of v.
2
Let a(t) = t**3 - 3*t**2 + 4*t - 9. Let i be a(3). Suppose 7*w = 2*w. Suppose w = -4*v + 4, i*y + 2*v = y + 14. What are the prime factors of y?
2, 3
Let g(x) = 4*x - 3. What are the prime factors of g(5)?
17
List the prime factors of -1 - (2 - (45 - -4)).
2, 23
Let p(d) be the third derivative of d**4/4 + 3*d**3/2 + 2*d**2. Let f be p(-6). What are the prime factors of (-465)/f + (-2)/9?
17
Suppose k + 322 = 4*d, d + 5*k - 132 + 41 = 0. What are the prime factors of d?
3
List the prime factors of 30*(-7)/((-42)/8).
2, 5
Suppose -4*o = -4*q + 100, -q = 2*q - 5*o - 69. Suppose q + 16 = 4*w. Let f = w + -3. List the prime factors of f.
2
Suppose -4*y = 5*r - y + 174, -3*y + 90 = -3*r. Let t = 2 - r. What are the prime factors of t?
5, 7
Suppose 0 = 5*r - 10, 6*d = d - 3*r + 21. Suppose s + 30 = d*s. Suppose -5*v = -s - 25. List the prime factors of v.
2
Let f = 15 + -10. Suppose v = f*v + 36. Let n(l) = -l**3 - 10*l**2 - 9*l + 9. List the prime factors of n(v).
3
Suppose c - 15 = 6*c. What are the prime factors of (c - -2)/((-2)/26)?
13
Suppose 11*y = 12*y - 76. What are the prime factors of y?
2, 19
Let l = 7 - 11. Let j = 14 + l. Let y = j + -7. List the prime factors of y.
3
Let c(n) = n**3 - 6*n**2 + 9*n - 2. List the prime factors of c(7).
2, 5, 11
Let t be (2/(-6))/(3/(-117)). List the prime factors of 5/(-5)*t*-1.
13
Suppose -8*y + 1510 = -1586. What are the prime factors of y?
3, 43
Let v be 1*-3*(-3 - -2). Suppose 0*a + 15 = v*a. List the prime factors of a.
5
Suppose -494 = -8*c + 210. List the prime factors of c.
2, 11
Let n(a) be the third derivative of -a**5/60 - 3*a**4/8 - a**3 + 19*a**2. Suppose -5*i + 3*i - 16 = 0. What are the prime factors of n(i)?
2
Suppose -3*v = -121 - 65. List the prime factors of v.
2, 31
Let i be ((-1630)/15)/(4/(-6)). Suppose 5*x - 608 = -i. Suppose -5*d = 5*t - 90, 5*t + 4*d - x = -0*t. List the prime factors of t.
17
Let q = 140 - 95. What are the prime factors of q?
3, 5
Suppose -2*z = -r - 68, -4*z = r - 14 - 110. List the prime factors of z.
2
Let g(h) = -5*h - 3. Let i be g(-1). Suppose 0 = -4*m - 20, 4*f - 3*m = i*m + 37. What are the prime factors of f?
3
Suppose -z = -3*d - 62, -2*d + 0*d = -4. List the prime factors of z.
2, 17
List the prime factors of (2 + -1)/(4/148).
37
Let g = 4 + 9. What are the prime factors of g?
13
Let i(k) = -15*k. Let z(t) = t. Let y be z(-1). What are the prime factors of i(y)?
3, 5
Let n be (-4)/(-6) + (-70)/15. Let o = n - -36. Suppose 0 = 2*a + 4*k - o, -2*a + 4 + 3 = -k. List the prime factors of a.
2, 3
Let n = -1 - 2. Let u = -24 - -36. List the prime factors of 117/u - n/(-4).
3
Let k(v) = -2*v + 1. List the prime factors of k(-14).
29
Suppose 86 = 2*f - 4*i, 3*f - i - 24 = 85. Suppose f + 1 = 2*p. What are the prime factors of p?
2, 3
Suppose 21 + 60 = l. What are the prime factors of l?
3
What are the prime factors of (6*1)/(-2) - (-165 - 11)?
173
Suppose -6*h = -10*h + 144. What are the prime factors of h?
2, 3
Let q = 84 - 45. List the prime factors of q.
3, 13
Let s(f) = -6*f**3 + f**2 - f - 1. List the prime factors of s(-2).
53
Suppose -2*q + 17 - 3 = 0. List the prime factors of q.
7
List the prime factors of 2/(-3)*(-945)/18.
5, 7
Let l(b) = 9*b + 12*b - 16 - 5*b - 36*b**2. Let r(d) = -7*d**2 + 3*d - 3. Let z(g) = 3*l(g) - 16*r(g). List the prime factors of z(-1).
2
Let p(v) be the third derivative of 5*v**4/24 + 7*v**3/6 - 7*v**2. What are the prime factors of p(6)?
37
Let d = 78 - 46. Let x = d + -8. What are the prime factors of x?
2, 3
Let l(r) = r**3 - 6*r**2 - 3*r + 3. List the prime factors of l(7).
31
Let l be (0 - 42/(-2))*-1. What are the prime factors of (l/6)/(2/(-12))?
3, 7
Let f = 12 - -4. Suppose z = 3*z - f. List the prime factors of z.
2
Let k = 49 + 1. Let r = -20 + k. List the prime factors of r.
2, 3, 5
Suppose 2*q + 2*q = 1452. What are the prime factors of q?
3, 11
Suppose -1 = -w, -3*j - 2*w = -w + 29. Let a = 2 - j. What are the prime factors of a?
2, 3
Suppose -3*m + 402 = 5*k - 4*m, 2*k - 3*m = 153. Suppose -4*x = x + q - k, -5*x - 3*q = -83. What are the prime factors of x?
2
Let a = -3 + 7. Let s be a*6*(-2 + 3). Suppose s = w + 3*w. What are the prime factors of w?
2, 3
Let k = 1 - -1. Let y = 11 + -3. Suppose 0*w + y = k*w. What are the prime factors of w?
2
Let j(t) = 19*t**3 - 1. What are the prime factors of j(1)?
2, 3
What are the prime factors of 414 - 0 - (1 + 3 + -1)?
3, 137
Let h(m) = 3*m - 13. Let v(p) = -6*p + 27. Let t(x) = -9*h(x) - 4*v(x). Let f be t(7). List the prime factors of (-1)/(3/f)*2.
2
Let w = 27 + 3. What are the prime factors of w?
2, 3, 5
Suppose -4*m + 5*n = -1445